a5?
47c3
In base 16, what is -2 - 39de?
-39e0
In base 14, what is 9 - -abd4?
abdd
In base 4, what is -1210 + -2010?
-3220
In base 8, what is 50 + 136?
206
In base 5, what is 0 - 2010233?
-2010233
In base 8, what is 1717 + -166?
1531
In base 8, what is 75052 - 5?
75045
In base 14, what is -57662 + d?
-57653
In base 14, what is -1 - 7b86?
-7b87
In base 2, what is 11 + 101100100111001?
101100100111100
In base 15, what is 7a + -269?
-1de
In base 7, what is -220241 + -14?
-220255
In base 14, what is -20c07 - 1?
-20c08
In base 3, what is -120212121100 + 200?
-120212120200
In base 3, what is 10121002020 - 10?
10121002010
In base 3, what is -20112101 - 12?
-20112120
In base 9, what is 374507 - 1?
374506
In base 12, what is -1a4 - -37b?
197
In base 4, what is 1220330 + -3013?
1211311
In base 5, what is -10312133 - 1?
-10312134
In base 14, what is 9b3 - 43?
970
In base 3, what is 20112011 + 1022?
20120110
In base 15, what is -4a6 + 548?
92
In base 13, what is 165a6 - -5?
165ab
In base 15, what is d1 - -27b?
35c
In base 13, what is -84 + 70?
-14
In base 5, what is 3 - -41102?
41110
In base 15, what is d - -3616?
3624
In base 10, what is -14 - 116186?
-116200
In base 16, what is -2 + bbcf?
bbcd
In base 7, what is -22315 - 2?
-22320
In base 5, what is 232400 - 141?
232204
In base 15, what is -55934 + 0?
-55934
In base 9, what is -4 + 43207?
43203
In base 5, what is 144 + -31200?
-31001
In base 5, what is -22314 - -4121?
-13143
In base 12, what is 7344 + -3?
7341
In base 12, what is -a6b19 + -5?
-a6b22
In base 15, what is 2e - 84?
-55
In base 11, what is -1099 - -1?
-1098
In base 11, what is 5 - -857529?
857533
In base 9, what is 2467 + -83?
2374
In base 5, what is 310421 + -12?
310404
In base 2, what is 111100111 - -10100100110111?
10101100011110
In base 14, what is -22 - -38c5?
38a3
In base 15, what is -12a5 - -2c8?
-ecc
In base 12, what is -9 - -1a23?
1a16
In base 8, what is -1465 + -324?
-2011
In base 3, what is -1 - 1012200200000?
-1012200200001
In base 16, what is -267 + 12?
-255
In base 2, what is 101 - -101110001110?
101110010011
In base 2, what is -11100010000111 - 1010?
-11100010010001
In base 11, what is 4 + -12a978?
-12a974
In base 7, what is 30646 + -11?
30635
In base 14, what is -569 + -7c3?
-d4c
In base 5, what is 140 - 20400?
-20210
In base 2, what is 101001100 - -110010?
101111110
In base 6, what is 34305 + -12?
34253
In base 4, what is -2113 + 30113?
22000
In base 10, what is 5948 + -5?
5943
In base 5, what is 2401041 + -1?
2401040
In base 13, what is -226 + -1b4?
-40a
In base 7, what is 1034664 - 31?
1034633
In base 6, what is -1155 + 10325?
5130
In base 7, what is -316 + -13111?
-13430
In base 6, what is -54 - -23115?
23021
In base 3, what is 1120201221 + -2?
1120201212
In base 3, what is -12 + 112012102211?
112012102122
In base 11, what is 6 + -5084a?
-50844
In base 5, what is 2 + -222200?
-222143
In base 9, what is 70 - 3808?
-3728
In base 8, what is 56550 + -1?
56547
In base 16, what is -6fa4 - 1?
-6fa5
In base 9, what is -83141 - 4?
-83145
In base 2, what is -10 + -1001101001000111?
-1001101001001001
In base 3, what is 10111121202 - 10002?
10111111200
In base 15, what is 10d5 - 1b?
10b9
In base 8, what is 44 - 6002?
-5736
In base 5, what is -2 - -13241340?
13241333
In base 16, what is e8803 + -2?
e8801
In base 4, what is 100323 + -122?
100201
In base 7, what is -215 + -10616?
-11134
In base 12, what is -4 + -2222?
-2226
In base 3, what is 10111101 + 102120?
10220221
In base 4, what is -1310023 - -3?
-1310020
In base 6, what is -1352 + -10411?
-12203
In base 4, what is 20 - -1332030?
1332110
In base 13, what is -6 + -59b25?
-59b2b
In base 6, what is -3024510 + 24?
-3024442
In base 2, what is 11000 + -100011100?
-100000100
In base 6, what is -21154150 + -2?
-21154152
In base 9, what is 53456 + -57?
53388
In base 8, what is -34742 - -641?
-34101
In base 3, what is 12 + 11001000101?
11001000120
In base 13, what is 0 - 1b8b1?
-1b8b1
In base 10, what is -412967 - -5?
-412962
In base 13, what is 20c054 - -3?
20c057
In base 11, what is -37 - 1589?
-1615
In base 16, what is 4 - 3d438?
-3d434
In base 13, what is -115628 + c?
-115619
In base 2, what is 11001000 - 11010010?
-1010
In base 11, what is -105751 - -3?
-105749
In base 11, what is -120 + 5?
-116
In base 9, what is 853112 + 0?
853112
In base 11, what is 5 + -389a?
-3895
In base 11, what is -10 + -441a5?
-44205
In base 6, what is 112432132 - -3?
112432135
In base 12, what is a6b05 - -1?
a6b06
In base 3, what is -10 + 1002022002?
1002021222
In base 15, what is 3680 - b4?
35bb
In base 8, what is 341 - -454?
1015
In base 15, what is b + 85da2?
85dad
In base 15, what is 5889 + c?
5896
In base 13, what is -3 - 236713?
-236716
In base 7, what is -263521 + 1?
-263520
In base 12, what is 1671 - 779?
ab4
In base 16, what is de1 - 4?
ddd
In base 4, what is -30 - 32001?
-32031
In base 8, what is 3 + -621?
-616
In base 9, what is -325780 - 0?
-325780
In base 13, what is 76b4 + 2?
76b6
In base 10, what is 618419 + 5?
618424
In base 15, what is -3463 + 70?
-33e3
In base 9, what is 53 + 5348?
5412
In base 3, what is -2 - -1010011000?
1010010221
In base 13, what is -4 - 176c0?
-176c4
In base 15, what is 139 + -400?
-2b6
In base 3, what is -101010 - 2110?
-110120
In base 15, what is -23c0d - -5?
-23c08
In base 16, what is -1126 - 17?
-113d
In base 6, what is 1201 - -2500?
4101
In base 4, what is -132 + 320011?
313213
In base 8, what is 50 + -4613?
-4543
In base 14, what is -3d7 - -1c51?
1858
In base 16, what is 34a4 + -c?
3498
In base 16, what is 4642 - -4?
4646
In base 6, what is -115213 - 4?
-115221
In base 14, what is 5 + -79c7?
-79c2
In base 4, what is -1123002200 - -1?
-1123002133
In base 5, what is 2 - 2343222?
-2343220
In base 12, what is -2 + -41491?
-41493
In base 3, what is -21122 - 11122112?
-11221011
In base 14, what is 0 + -293bc2?
-293bc2
In base 13, what is -179cb + -5?
-17a03
In base 5, what is -1232243212 - -10?
-1232243202
In base 4, what is -32 - 23221?
-23313
In base 9, what is -308406 + 10?
-308386
In base 7, what is -144131 + 303?
-143525
In base 10, what is -16617 - 3?
-16620
In base 2, what is -1011111011110 + -111?
-1011111100101
In base 11, what is 785 - 1109?
-434
In base 3, what is -100200201220 - -10?
-100200201210
In base 7, what is -1124142 - -2?
-1124140
In base 2, what is -1101000111010100 + -1?
-1101000111010101
In base 14, what is 3 + -4093?
-4090
In base 5, what is -33210104 - -1?
-33210103
In base 3, what is -2020221 - 202222?
-10000220
In base 3, what is -100 + -110011211?
-110012011
In base 6, what is 2 + -444?
-442
In base 4, what is 3 + -30331000?
-30330331
In base 10, what is 948096 + -5?
948091
In base 7, what is -4456231 + -1?
-4456232
In base 3, what is -112211221 - -1111?
-112210110
In base 12, what is -b + -1859?
-1868
In base 5, what is -301412 + 2?
-301410
In base 4, what is -1 + 113012333?
113012332
In base 2, what is -101 + -1001000011001000011?
-1001000011001001000
In base 16, what is -364a + -2?
-364c
In base 11, what is 26901 - 8?
268a4
In base 14, what is -b - -2943?
2936
In base 2, what is 1011110010 + 101110?
1100100000
In base 16, what is -3 + 2533e?
2533b
In base 13, what is -112b4 + -13?
-112c7
In base 7, what is 11 - -1064?
1105
In base 15, what is -7a3e + 5?
-7a39
In base 11, what is 168445 + -1?
168444
In base 10, what is 29 + -650?
-621
In base 5, what is 11304 + -320?
10434
In base 10, what is 619 + -172?
447
In base 12, what is 12 - 194158?
-194146
In base 12, what is 345 + -a06?
-681
In base 4, what is -11 + -130323230?
-130323301
In base 2, what is -100011011101101 + 11?
-100011011101010
In base 13, what is 572b9 - -2?
572bb
In base 8, what is -10377 - -11?
-10366
In base 6, what is 10121105 - -3?
10121112
In base 3, what is -1100 - -1111012?
1102212
In base 5, what is 23313440 - -3?
23313443
In base 5, what is 232 - 21303?
-21021
In base 6, what is -143 + -2011?
-2154
In base 8, what is -21560 + 0?
-21560
In base 12, what is -2a624 + -1?
-2a625
In base 8, what is -1720340 - 5?
-1720345
In base 2, what is -1000110011 + -1011010100?
-10100000111
In base 16, what is -1b557 - 5?
-1b55c
In base 6, what is 1 - 1142002?
-1142001
In base 14, what is 806 + -62b?
1b9
In base 2, what is 10 + 100101011110100?
100101011110110
In base 4, what is